False
Does 5 divide 65836?
False
Does 77 divide 19935586?
False
Does 242 divide 3443418?
True
Is 13094250 a multiple of 15?
True
Is 4434651 a multiple of 377?
True
Is 8875879 a multiple of 1031?
True
Is 18 a factor of 18475686?
True
Does 227 divide 372550?
False
Does 68 divide 11751760?
True
Does 571 divide 4084363?
True
Is 841400 a multiple of 50?
True
Is 5005 a multiple of 55?
True
Is 402 a factor of 812442?
True
Does 263 divide 2413025?
True
Is 88 a factor of 620037?
False
Is 20 a factor of 10152492?
False
Is 2081625 a multiple of 5?
True
Is 183816 a multiple of 148?
True
Is 16 a factor of 65267?
False
Does 107 divide 1891?
False
Is 9475348 a multiple of 39?
False
Is 2622 a multiple of 6?
True
Is 13 a factor of 1748299?
False
Is 115171 a multiple of 7?
True
Does 14 divide 666414?
True
Does 26 divide 134212?
True
Does 49 divide 487832?
False
Is 112 a factor of 6923686?
False
Does 3 divide 138912?
True
Is 2 a factor of 21662?
True
Is 79002 a multiple of 297?
True
Is 318 a factor of 377784?
True
Is 251 a factor of 7839985?
True
Is 68 a factor of 344760?
True
Is 602 a factor of 2890262?
False
Does 60 divide 253323?
False
Is 65 a factor of 72605?
True
Does 287 divide 7082496?
False
Is 7712 even?
True
Is 45 a factor of 1467256?
False
Does 169 divide 55432?
True
Does 82 divide 113734?
True
Does 55 divide 6600?
True
Does 5 divide 5027940?
True
Does 52 divide 22516?
True
Does 1529 divide 7974?
False
Is 20186 a multiple of 9?
False
Does 175 divide 3460450?
True
Is 301400 a multiple of 550?
True
Does 20 divide 345805?
False
Is 184 a factor of 202024?
False
Does 660 divide 504240?
True
Is 145 a factor of 126875?
True
Is 218907 a multiple of 69?
False
Is 399 a factor of 753758?
False
Is 273180 a multiple of 290?
True
Does 61 divide 5191134?
False
Is 770272 a multiple of 367?
False
Is 3140208 a multiple of 324?
True
Does 4 divide 5730?
False
Is 27942 a multiple of 7?
False
Is 2088113 a multiple of 33?
False
Is 349 a factor of 4458871?
False
Is 23 a factor of 3781085?
True
Is 45 a factor of 11520?
True
Is 7 a factor of 541023?
True
Is 6772626 a multiple of 483?
True
Is 142164 a multiple of 33?
True
Does 12 divide 192116?
False
Does 104 divide 2017826?
False
Is 886 a factor of 253396?
True
Does 67 divide 44742?
False
Is 5124136 a multiple of 932?
True
Is 170040 a multiple of 104?
True
Is 50 a factor of 2322496?
False
Is 28953 a multiple of 14?
False
Is 1401926 a multiple of 180?
False
Does 25 divide 7705898?
False
Does 104 divide 3255200?
True
Does 651 divide 1186773?
True
Does 197 divide 1932373?
True
Is 9 a factor of 192051?
True
Is 11 a factor of 976602?
True
Is 522435 a multiple of 4?
False
Is 938 a factor of 5560464?
True
Is 121444 a multiple of 160?
False
Does 17 divide 2087522?
False
Is 22 a factor of 1318?
False
Is 22 a factor of 710908?
True
Does 790 divide 2317070?
True
Does 41 divide 52849?
True
Does 18 divide 254077?
False
Is 333355 a multiple of 29?
True
Is 33 a factor of 34419?
True
Is 9 a factor of 150021?
True
Is 133 a factor of 192318?
True
Is 129085 a multiple of 11?
True
Is 333 a factor of 1619712?
True
Is 1278281 a multiple of 10?
False
Does 49 divide 115444?
True
Does 10 divide 81040?
True
Is 414 a factor of 453308?
False
Does 15 divide 1546207?
False
Does 25 divide 144525?
True
Is 106949 a multiple of 13?
False
Does 50 divide 260850?
True
Is 316063 a multiple of 25?
False
Is 5 a factor of 130760?
True
Is 1349205 a multiple of 561?
True
Is 29 a factor of 12905?
True
Is 4 a factor of 777411?
False
Is 28500 a multiple of 30?
True
Is 223 a factor of 571730?
False
Does 16 divide 8689291?
False
Is 29 a factor of 348?
True
Is 200640 a multiple of 24?
True
Is 36 a factor of 36626?
False
Is 8258884 a multiple of 10?
False
Does 20 divide 21037168?
False
Is 4131792 a multiple of 112?
True
Does 3 divide 101339?
False
Is 529020 a multiple of 60?
True
Is 177 a factor of 567993?
True
Is 319 a factor of 214324?
False
Is 218204 a multiple of 23?
False
Does 9 divide 9918?
True
Is 7819263 a multiple of 1846?
False
Is 15 a factor of 30000?
True
Is 827999 a multiple of 117?
False
Does 11 divide 11769142?
True
Is 31 a factor of 2179641?
True
Is 218 a factor of 37496?
True
Does 92 divide 136896?
True
Does 57 divide 38105526?
True
Is 226 a factor of 211705?
False
Is 39 a factor of 447566?
False
Is 123 a factor of 266886?
False
Is 2692088 a multiple of 11?
False
Does 38 divide 280927?
False
Is 12053200 a multiple of 50?
True
Does 25 divide 163598?
False
Does 7 divide 194499?
False
Is 23 a factor of 6573377?
True
Does 6 divide 97914?
True
Does 14 divide 1537396?
True
Is 20 a factor of 978413?
False
Does 19 divide 112623?
False
Is 146 a factor of 8856606?
False
Does 219 divide 326310?
True
Is 219 a factor of 461871?
True
Is 176176 a multiple of 13?
True
Is 57 a factor of 348612?
True
Is 11161705 a multiple of 155?
True
Is 184417 a multiple of 12?
False
Does 873 divide 9329718?
False
Is 4597 a multiple of 13?
False
Does 4 divide 29113?
False
Is 402552 a multiple of 285?
False
Is 697599 a multiple of 189?
True
Is 12084736 a multiple of 59?
False
Is 4 a factor of 664213?
False
Is 1165222 a multiple of 61?
True
Does 40 divide 49368?
False
Is 11 a factor of 4746?
False
Is 288 a factor of 702720?
True
Does 72 divide 337536?
True
Does 33 divide 272775?
False
Does 241 divide 50850?
False
Is 13 a factor of 7297?
False
Is 1904141 a multiple of 40?
False
Is 8 a factor of 1300680?
True
Is 1695454 a multiple of 94?
False
Is 27 a factor of 9846453?
False
Does 95 divide 361793?
False
Is 40 a factor of 94840?
True
Does 6 divide 1328769?
False
Does 21 divide 152122?
False
Is 4385551 a multiple of 5?
False
Does 195 divide 1459770?
True
Is 46 a factor of 1985773?
False
Is 17 a factor of 177123?
True
Is 126 a factor of 475495?
False
Does 87 divide 426436?
False
Is 737100 a multiple of 14?
True
Does 8 divide 930224?
True
Is 3955287 a multiple of 19?
True
Does 58 divide 158086?
False
Is 2433159 a multiple of 584?
False
Is 52 a factor of 35100?
True
Is 1351158 a multiple of 138?
True
Is 90 a factor of 702511?
False
Is 171 a factor of 3178015?
False
Does 7 divide 3643318?
True
Is 8 a factor of 1833616?
True
Is 5508805 a multiple of 14?
False
Is 2104200 a multiple of 200?
True
Does 249 divide 384765?
False
Is 91584 a multiple of 27?
True
Does 104 divide 112826?
False
Is 334 a factor of 1394116?
True
Is 111 a factor of 1486096?
False
Does 423 divide 746172?
True
Does 37 divide 100899?
True
Does 34 divide 40902?
True
Does 15 divide 147990?
True
Is 808300 a multiple of 59?
True
Is 9 a factor of 194691?
False
Does 25 divide 471513?
False
Is 1690874 a multiple of 295?
False
Is 824747 a multiple of 95?
False
Is 650851 a multiple of 82?
False
Is 391 a factor of 9048811?
False
Is 1120856 a multiple of 94?
True
Is 1254912 a multiple of 16?
True
Is 38182 a multiple of 139?
False
Is 21 a factor of 181797?
True
Is 1980930 a multiple of 7?
True
Does 14 divide 827400?
True
Does 179 divide 239469?
False
Is 8424952 a multiple of 1096?
True
Is 43 a factor of 95546?
True
Is 50 a factor of 6515496?
False
Is 5 a factor of 22278?
False
Is 195342 a multiple of 117?
False
Is 224 a factor of 331968?
True
Is 27250 a multiple of 2?
True
Is 3814668 a multiple of 513?
True
Is 188 a factor of 15163140?
True
Is 164 a factor of 693556?
True
Is 662650 a multiple of 58?
True
Is 9 a factor of 17568?
True
Is 7302 a multiple of 6?
True
Is 18 a factor of 448434?
True
Does 338 divide 530832?
False
Is 15 a factor of 131795?
False
Does 61 divide 408353?
False
Does 16 divide 17654?
False
Is 213 a factor of 561681?
True
Is 20 a factor of 152705?
False
Does 54 divide 413123?
False
Is 6 a factor of 61560?
True
Is 2 a factor of 11334?
True
Does 110 divide 38144?
False
Does 12 divide 43354?
False
Is 31 a factor of 6935041?
True
Is 3 a factor of 278624?
False
Does 136 divide 87119?
False
Does 4 divide 2407?
False
Does 387 divide 3790432?
False
Is 16 a factor of 264960?
True
Does 283 divide 3466467?
True
Is 103086 a multiple of 12?
False
Does 184 divide 57335?
False
Is 3326275 a multiple of 5?
True
Is 7088001 a multiple of 31?
False
Is 6649422 a multiple of 13?
True
Is 12189071 a multiple of 36?
False
Does 1130 divide 2783412?
False
Is 155107 a multiple of 140?
False
Is 8 a factor of 71359?
False
Is 10964673 a multiple of 38?
F